b + 108 = -t. Calculate the remainder when 16 is divided by b.
0
Suppose 66 = 3*t - 21. What is the remainder when (222/(-185))/((-12)/3180) is divided by t?
28
Calculate the remainder when 1339 is divided by (-11 - 1)/(387/3311 - 12/22).
23
Let i(o) = o**3 + 22*o**2 - 76*o - 23. Let m be i(-25). What is the remainder when 56 is divided by 4*m - (-1840)/40?
2
Let s = -803 + 844. Calculate the remainder when 438 is divided by s.
28
Suppose 0 = -w, -18*k + 19*k + w = 69. Let a(y) = y**2 + 20*y - 147. What is the remainder when k is divided by a(-26)?
6
Suppose 0 = -8*h + 16*h + 352. Let f = -4 - h. What is the remainder when 115 is divided by f?
35
Let h = -69 + 73. Suppose -104 = -h*z + 24. Calculate the remainder when z is divided by 4.
0
Let u = -8221 + 11617. What is the remainder when u is divided by 17?
13
Suppose 380 = t + 3*i, -178*i = -176*i - 6. What is the remainder when t is divided by 33?
8
Let t(z) = -28*z**2 + 22*z - 15. Let o be t(5). Let v = o + 620. What is the remainder when 598 is divided by v?
13
Let g(l) = -2*l**2 + 91*l + 736. What is the remainder when ((-28)/(-8))/((-1)/(-50)) is divided by g(52)?
55
Suppose 0 = 2*w - 20 + 22. What is the remainder when 121 is divided by (36 + -37)*31/w?
28
Let o = 13 + -9. Suppose 70 = o*p + p. Suppose 103 = 9*z - 509. Calculate the remainder when z is divided by p.
12
Calculate the remainder when (-4)/36 - (9 + 47475/(-81)) is divided by 192.
1
Suppose -4*p - 399 = -3*f + 1481, 4*p + 2*f = -1900. Let m = -411 - p. What is the remainder when m is divided by 16?
14
Let b(j) = 5*j**2 - 9*j - 7. Let n be b(-3). Let u = n + -10. What is the remainder when u is divided by 22?
11
Let q = -32 - -54. Let g = 1546 + -1409. What is the remainder when g is divided by q?
5
Suppose 2*f - 656 = 2*l + 34, 3*f = 2*l + 1031. Calculate the remainder when f is divided by 106.
23
Let h(m) = -2*m**2 + 13*m. Let i be h(6). Suppose -5*v = -i*r + 5*r - 430, v - 110 = 5*r. What is the remainder when v is divided by 30?
25
Suppose -2*k = 2*k - 44. Suppose x - k = 4. What is the remainder when 1/(((-6)/174)/(-1)) is divided by x?
14
Suppose 5*b + 4*o = 87, -4*b + 1 = 4*o - 67. What is the remainder when (54 + (-6 - 11))*(-52)/(-26) is divided by b?
17
Let o(x) = 2*x**3 - 66*x**2 - 14*x - 13. Let t be o(33). Let g = -417 - t. Calculate the remainder when 283 is divided by g.
51
Let o(w) = -w**3 - 25*w**2 - 5*w - 125. Let h be o(-25). Suppose -2*p + 5*b + 166 = h, 5*p - 140 - 256 = 3*b. What is the remainder when p is divided by 42?
36
Let i(a) be the second derivative of a**4/6 + 17*a**3/6 + 12*a**2 - 2*a. Suppose 182*l - 179*l + 33 = 0. What is the remainder when i(l) is divided by 27?
25
Let a(u) = -9*u - 66. Let y = -201 + 192. What is the remainder when 56 is divided by a(y)?
11
Suppose -4*z + 696 = -3*f + 174, -12 = 2*f. Calculate the remainder when 332 is divided by z.
80
Let r(s) = 150*s**2 - 131*s + 2. Calculate the remainder when r(-2) is divided by 4.
0
Suppose -135 = -p + 2*i, -1531*i = -3*p - 1529*i + 421. Calculate the remainder when p is divided by 63.
17
Let n = -22 - -36. Let s(q) = 138*q - 12459. What is the remainder when s(92) is divided by n?
13
Let q(t) = -t**2 - 13*t + 6. Let l = -1216 + 1241. What is the remainder when q(-9) is divided by l?
17
Suppose -10*o - 3*o + 146 = -3780. Calculate the remainder when o is divided by 109.
84
Let b(v) = -v**2 - 12*v - 17. Let c be b(-7). Calculate the remainder when (-66)/c*-7 - 1/(-3) is divided by ((-336)/140)/(9/(-60) + 0).
10
Suppose l - 15 = k + 18, 0 = -2*l + 4*k + 64. Suppose 585 = 5*p + i, 0 = -5*p - 5*i + 3*i + 585. Calculate the remainder when p is divided by l.
15
Let b(z) = 6*z + 126. Let a be 6 + (2 - (-9 + 2)*1). What is the remainder when b(a) is divided by 10?
6
Let j(p) = -p**3 + 43*p**2 + 227*p - 12. What is the remainder when 54 is divided by j(-5)?
1
Let q be ((-120)/(-32))/(3/264). What is the remainder when 7 + (-23)/((-115)/q) is divided by 31?
11
Let a = -109 - -157. Suppose 2*i = 14, -2*p - 10*i + 57 + 47 = 0. What is the remainder when a is divided by p?
14
Let z = -487 - -2399. Calculate the remainder when z is divided by 29.
27
Let n be 1 + ((-28)/(-7))/((-1)/(-14)). Suppose -o + n = -0*o. Suppose 3*i = 3*s + 87, -2*i + 3*s + o = -4. What is the remainder when i is divided by 9?
8
Let i = -19 + -51. Let d = 54 + 57. Let s = d + i. What is the remainder when s is divided by 22?
19
Let g(h) be the second derivative of h**5/20 - 19*h**4/12 - 17*h**3/6 - 2*h**2 + 2*h + 52. Calculate the remainder when g(20) is divided by 21.
14
Let b = -7130 - -7280. Calculate the remainder when 618 is divided by b.
18
Suppose 2*m - 538 = 4*w - 1920, 0 = -2*w + 4*m + 718. Calculate the remainder when w is divided by 32.
21
Suppose 17*j + 2*f = 9430, 3*f + 6 = 24. What is the remainder when j is divided by 154?
92
Let i = 16284 + -16274. What is the remainder when 41288 is divided by i?
8
Let r be (-2)/(-4)*(-5 - -19). Let d(h) = 3*h - 12. Suppose 25*n = 31*n - 84. What is the remainder when n is divided by d(r)?
5
Calculate the remainder when 862 is divided by (-1 + (-225)/(-6))/(((-19)/(-6))/19).
205
Let z(y) = -y**2 - 6*y - 5. Let d be z(-3). Suppose 2*w = d*w - 10. Let n = w - -7. Calculate the remainder when 45 is divided by n.
9
Let o(p) = -p**3 - 8*p**2 - 7*p + 3. Let j be o(-7). Suppose 5*i - d - 759 = 0, -4*i + j*d - 5 = -621. What is the remainder when i is divided by 22?
19
Suppose 5*m - 148 = -q, 4*m - 157 = -q + 8*m. Calculate the remainder when q is divided by 7.
6
Suppose 21 = 3*o + 4*t - 25, -4*o + 3*t + 78 = 0. Let v = 676288 + -676171. What is the remainder when v is divided by o?
9
Let l(d) = 9*d**3 + 3*d**2 + 6*d - 11. Suppose -4*c = 2*p - 68, -p + 12 = c - 25. What is the remainder when l(3) is divided by p?
37
Let v = 1496 + -1372. Calculate the remainder when 379 is divided by v.
7
Suppose 21 - 65 = -4*u. What is the remainder when 12/(9 - 6) + 2 + u is divided by 8?
1
Let u(f) = 2*f**2 - f. Let n(h) = h**3 - 29*h**2 + 75*h + 108. Let v be n(26). Suppose -127 = -v*m - 7. What is the remainder when u(3) is divided by m?
3
Calculate the remainder when (62 + (-2 - -8))*(15/(-4) + 5) is divided by 51.
34
Let i(s) = s**2 - 136*s + 2861. What is the remainder when i(115) is divided by 432?
14
Let t(g) = -15*g - 8. Let i(q) = 8*q + 4. Let h(w) = 7*i(w) + 3*t(w). What is the remainder when h(3) is divided by 13?
11
Suppose -65*x + 2251 = -65349. What is the remainder when x is divided by 48?
32
What is the remainder when 202 is divided by 71280/2079 + 5/7?
27
Let k be -5 + (-3 - 12/(-1)). What is the remainder when (-6)/144*k - (-278)/12 is divided by 8?
7
Let r = -32083 - -34834. What is the remainder when r is divided by 102?
99
Suppose -2*f - 4 + 10 = 0. Let j be -12*(4/12 - f). Suppose -o = 3*o - j. Calculate the remainder when 22 is divided by o.
6
Suppose 13*f - 39 = 260. What is the remainder when 172 is divided by f?
11
Calculate the remainder when (25/(-15))/(7*6/(-57582)) is divided by 88.
85
Suppose 5*x - y = 109, 3*x + 21*y = 25*y + 62. What is the remainder when 65 is divided by x?
21
Suppose 381*a - 1452 = -2*o + 380*a, -5*o + a + 3630 = 0. What is the remainder when o is divided by 26?
24
Let s(x) = 182*x**2 + 12*x + 9. Calculate the remainder when s(-1) is divided by -3 + 1/(2/58).
23
Let k(r) = 12*r**2 + 209*r + 79. Calculate the remainder when k(-19) is divided by 21.
20
Suppose 4573 = 38*m + 1457. Suppose 2*a - 552 = -6*a. Let f = a - 40. Calculate the remainder when m is divided by f.
24
Suppose 58 = -5*i + 178. Suppose -14*f + 12*f = -i. What is the remainder when 37 is divided by f?
1
Let i(z) = -2 + 15*z - 18*z + 4*z. Suppose -5*t + 804 = -4*k + 67, 4*t = -4*k + 604. Calculate the remainder when t is divided by i(27).
24
Suppose 44*g = -94*g + 24426. What is the remainder when g is divided by 15?
12
Suppose -f = 6, 5*w + 28*f - 25*f - 1157 = 0. Calculate the remainder when 717 is divided by w.
12
Suppose 2013 = 6642*i - 6581*i. Calculate the remainder when 4253 is divided by i.
29
Let f(y) = -121*y + 184. What is the remainder when 304 is divided by f(1)?
52
Let j = -19 + 5. Let q(o) = -o**2 - 16*o - 15. Let w be q(j). Suppose 6*r + 105 = w*r. What is the remainder when 42 is divided by r?
12
Suppose p = 